hat are the prime factors of 1928290434?
2, 3, 7, 41, 22853
What are the prime factors of 122360635?
5, 2971, 8237
List the prime factors of 24770726.
2, 919, 13477
List the prime factors of 134535641.
134535641
What are the prime factors of 265095608?
2, 23, 1440737
List the prime factors of 48234989.
11, 263, 16673
List the prime factors of 49888771.
23, 103, 21059
What are the prime factors of 261619808?
2, 8175619
What are the prime factors of 220501139?
4591, 48029
What are the prime factors of 1743633541?
13, 134125657
What are the prime factors of 96069111?
3, 19, 1685423
What are the prime factors of 197129747?
37, 5327831
List the prime factors of 5394766.
2, 13, 207491
What are the prime factors of 559140135?
3, 5, 103, 361903
What are the prime factors of 5354444055?
3, 5, 19, 71, 733
List the prime factors of 1274584630.
2, 5, 11, 41, 61, 113
What are the prime factors of 1867940397?
3, 131, 1584343
What are the prime factors of 22687335?
3, 5, 11, 45833
What are the prime factors of 51577521?
3, 31, 554597
What are the prime factors of 872361648?
2, 3, 1163, 5209
List the prime factors of 39125446.
2, 19, 1029617
List the prime factors of 50041508.
2, 11, 43, 26449
List the prime factors of 205201152.
2, 3, 13, 17, 31
List the prime factors of 22620519.
3, 837797
What are the prime factors of 103569825?
3, 5, 1380931
What are the prime factors of 58077920?
2, 5, 362987
List the prime factors of 2208980613.
3, 7, 71, 113, 1873
List the prime factors of 228207141.
3, 25356349
What are the prime factors of 2436149545?
5, 3719, 131011
List the prime factors of 6186137.
1481, 4177
What are the prime factors of 2487229771?
13, 191325367
List the prime factors of 493278759.
3, 461, 118891
List the prime factors of 45382037.
239, 317, 599
What are the prime factors of 916341456?
2, 3, 19090447
List the prime factors of 127725233.
17, 23, 326663
What are the prime factors of 155632710?
2, 3, 5, 31, 71, 2357
What are the prime factors of 203674625?
5, 7, 11, 3023
What are the prime factors of 61401686?
2, 1009, 30427
What are the prime factors of 70766221?
4787, 14783
List the prime factors of 64424933.
373, 172721
What are the prime factors of 9148652694?
2, 3, 508258483
List the prime factors of 1189194194.
2, 71, 8374607
List the prime factors of 1567493779.
229, 577, 11863
What are the prime factors of 2805737093?
163, 191, 90121
List the prime factors of 279612323.
279612323
What are the prime factors of 120444777?
3, 13382753
List the prime factors of 75681157.
8539, 8863
List the prime factors of 2503553394.
2, 3, 417258899
What are the prime factors of 44838533?
257, 174469
What are the prime factors of 2395103705?
5, 71, 6746771
List the prime factors of 7256769974.
2, 17, 23, 31, 467, 641
What are the prime factors of 784532644?
2, 7, 28019023
What are the prime factors of 879061279?
17, 41, 479, 2633
What are the prime factors of 79652575?
5, 3186103
List the prime factors of 4603129.
229, 20101
List the prime factors of 101053545.
3, 5, 29, 232307
List the prime factors of 145287250.
2, 5, 581149
What are the prime factors of 34956742?
2, 17478371
List the prime factors of 56929109.
56929109
What are the prime factors of 107261496?
2, 3, 165527
What are the prime factors of 31790533?
89, 357197
What are the prime factors of 7132128748?
2, 883, 2019289
List the prime factors of 258436045.
5, 7, 907, 1163
What are the prime factors of 10553970?
2, 3, 5, 7, 29, 1733
List the prime factors of 64587027.
3, 21529009
List the prime factors of 185871188.
2, 23, 137, 14747
What are the prime factors of 97683999?
3, 7, 59, 1609
What are the prime factors of 44464433?
13, 3420341
What are the prime factors of 4500809323?
113, 39830171
List the prime factors of 7545009851.
7545009851
What are the prime factors of 65491206?
2, 3, 11, 137, 7243
What are the prime factors of 85292882?
2, 229, 186229
List the prime factors of 1831824526.
2, 7, 18692087
List the prime factors of 207948682.
2, 31, 1423, 2357
List the prime factors of 229607217.
3, 7, 404951
What are the prime factors of 577153767?
3, 192384589
What are the prime factors of 9229129?
7, 13, 101419
What are the prime factors of 785550213?
3, 7, 1781293
What are the prime factors of 2696714356?
2, 7, 67, 1437481
What are the prime factors of 6303230?
2, 5, 31, 20333
List the prime factors of 5376541281.
3, 61, 2383, 12329
List the prime factors of 280024618.
2, 3469, 40361
What are the prime factors of 3264466208?
2, 17, 6000857
What are the prime factors of 80705945?
5, 16141189
List the prime factors of 118525944.
2, 3, 1997, 2473
What are the prime factors of 320135108?
2, 211, 379307
What are the prime factors of 411029836?
2, 7, 2097091
List the prime factors of 4433225.
5, 383, 463
What are the prime factors of 739384975?
5, 7, 353, 11969
List the prime factors of 8952625.
5, 11, 17, 383
What are the prime factors of 11824619?
191, 61909
List the prime factors of 186715187.
337, 554051
List the prime factors of 2612178862.
2, 19, 23, 59, 179, 283
List the prime factors of 111526150.
2, 5, 41, 54403
List the prime factors of 360515182.
2, 29, 31, 43, 4663
What are the prime factors of 35502574?
2, 823, 21569
What are the prime factors of 346410126?
2, 3, 19245007
What are the prime factors of 1504980223?
13003, 115741
What are the prime factors of 3745859?
13, 43, 6701
What are the prime factors of 175698831?
3, 7, 11, 47, 16183
What are the prime factors of 5835447947?
7, 29, 28746049
List the prime factors of 1718249278.
2, 193, 4451423
List the prime factors of 132126263.
331, 399173
List the prime factors of 102939547.
102939547
List the prime factors of 328249.
328249
List the prime factors of 4063793919.
3, 389, 3482257
What are the prime factors of 326181228?
2, 3, 73, 372353
What are the prime factors of 507575759?
16187, 31357
What are the prime factors of 305516175?
3, 5, 1153, 3533
What are the prime factors of 3950811239?
571, 6919109
What are the prime factors of 4993478084?
2, 7, 19, 1340891
What are the prime factors of 411846057?
3, 7, 6537239
What are the prime factors of 425114617?
425114617
What are the prime factors of 55847303?
337, 165719
What are the prime factors of 363841350?
2, 3, 5, 37, 65557
List the prime factors of 3661965015.
3, 5, 1019, 239579
List the prime factors of 365206871.
365206871
List the prime factors of 25220751.
3, 8406917
List the prime factors of 3016228965.
3, 5, 73, 2754547
What are the prime factors of 831137724?
2, 3, 23087159
What are the prime factors of 452503826?
2, 226251913
List the prime factors of 2447461391.
101, 24232291
What are the prime factors of 357128629?
11, 13, 73, 34211
What are the prime factors of 222197387?
1879, 118253
What are the prime factors of 1506511652?
2, 376627913
What are the prime factors of 128340832?
2, 47, 85333
What are the prime factors of 113332707?
3, 23, 547501
What are the prime factors of 1215587?
1215587
What are the prime factors of 180460906?
2, 90230453
What are the prime factors of 122954796?
2, 3, 127, 26893
What are the prime factors of 81868903?
191, 428633
What are the prime factors of 1370947964?
2, 19, 18038789
List the prime factors of 1279523720.
2, 5, 769, 41597
List the prime factors of 70960892.
2, 17740223
What are the prime factors of 45208469?
71, 636739
List the prime factors of 37535692.
2, 131, 71633
List the prime factors of 114938821.
53, 2168657
What are the prime factors of 32620132?
2, 8155033
List the prime factors of 2095238837.
2095238837
List the prime factors of 278432932.
2, 69608233
List the prime factors of 2375593.
11, 29, 677
List the prime factors of 16235354.
2, 131, 61967
What are the prime factors of 51751115?
5, 13, 796171
List the prime factors of 2333688063.
3, 7, 211, 75239
What are the prime factors of 3830237751?
3, 17, 75102701
What are the prime factors of 190858767?
3, 11, 1163, 4973
List the prime factors of 501808748.
2, 7, 199, 90059
What are the prime factors of 28755145?
5, 41, 140269
List the prime factors of 74600988.
2, 3, 7, 11, 80737
What are the prime factors of 1766763901?
7, 252394843
List the prime factors of 138997927.
1367, 101681
List the prime factors of 222140644.
2, 11, 67, 75353
List the prime factors of 271903